by v.
4
Let c(q) = -8*q**2 + 0 - 3 + 9*q**2. What is the remainder when 10 is divided by c(-3)?
4
Let f(o) = -o**2 + 3*o + 5. Let c be f(4). Let k be (-8 + c/1)*-1. Suppose 0 = 3*h - k*h + 100. Calculate the remainder when h is divided by 13.
12
Let o = 2 - -1. Suppose -4*n = -o - 5. Calculate the remainder when 49 is divided by 57/3 - 0 - n.
15
What is the remainder when 38 is divided by 2/3*(-18 - -30)?
6
Let z(d) = d**3 - 14*d**2 + 13*d + 14. What is the remainder when 24 is divided by z(13)?
10
Suppose 72 = 5*a - 43. Calculate the remainder when a is divided by (-13)/((-325)/(-30))*-10.
11
Suppose 3*i - 7 = -k, 4 = 4*i - 4. Let a(f) = -f**2 - f + 4. Let m be a(2). Let t = k - m. What is the remainder when 6 is divided by t?
0
Let k be 4/1*2/(-4). Let z(q) = 3*q**2 - q + 1. Let s be z(k). What is the remainder when 4 is divided by (6/s)/((-2)/(-10))?
0
What is the remainder when 36 is divided by 18/48*(-26)/(-3)*4?
10
Let k = -6 + 18. What is the remainder when k is divided by 5?
2
Let a be (-1)/2 + (-1)/(-2). Suppose a*h = 3*h - 54. Suppose 2*s - 2*g - h = 18, 3*s = -3*g + 36. What is the remainder when 29 is divided by s?
14
Let d = -8 - -9. Let r = -3 + d. Let y(t) = 5*t**2 + 3*t. Calculate the remainder when 55 is divided by y(r).
13
Calculate the remainder when 31 is divided by ((-66)/(-12) + (3 - -1))*2.
12
Let o(q) = -q**2 - 2*q. Let p be o(-2). Suppose p = 5*j, -12 = -g - g + 5*j. Calculate the remainder when 9 is divided by g.
3
Let o(a) = a**3 + 7*a**2 + 5*a - 4. Let c be o(-6). Suppose -5*s - 5*d = -25 - 0, -c*d = 3*s - 12. What is the remainder when 6 is divided by s?
0
What is the remainder when 52 is divided by 55*(8/15 - (-2)/(-6))?
8
Let s = 1 - 1. Suppose s*f - 2*f + 14 = 0. Let d = -11 - -24. What is the remainder when d is divided by f?
6
Let y(u) = -14*u**3 + u**2 + 1. What is the remainder when y(-2) is divided by 30?
27
Let d = -1 - -3. Suppose -d*l + 3*m - 12 = m, 2*m = -4*l + 6. What is the remainder when 23 is divided by (l - 0)/((-2)/16)?
7
Let r be (-2)/6 + 16/3. Suppose r*q = 25, -3*j + q + 27 = 4*q. Suppose -57 - 3 = -j*d. Calculate the remainder when 44 is divided by d.
14
Calculate the remainder when (-1)/(2/(-26)) - 2 is divided by (-1)/3 + 26/6.
3
Suppose -5*h = 2*u - 12, -h - 18 = -3*u - 6*h. Let k(t) = -t**2 + 5*t + 2. Calculate the remainder when 33/7 - u/(-21) is divided by k(5).
1
Let k be (-87)/(-5) + 6/(-15). Let z = k + -8. Calculate the remainder when 17 is divided by z.
8
Suppose -j = -3*j - r + 3, 15 = -3*r. Suppose 0 = -v - j*v + 65. What is the remainder when 21 is divided by v - -1 - 6/3?
9
Let o be (-15 - -3)*(6 - 0). Let h = 42 + o. What is the remainder when 17 is divided by ((-6)/(-4))/((-5)/h)?
8
Suppose -2*u = -u - 1. Let b = -4 - -7. Calculate the remainder when b is divided by u.
0
Let z(l) = -2*l + 2. Let r be z(2). Let c(a) = 3*a**2 - 1. What is the remainder when 31 is divided by c(r)?
9
Let i = 1 - -1. Suppose -i*c = 2*c - 76. Calculate the remainder when c is divided by 7.
5
Suppose -3*o = -100 - 62. What is the remainder when o is divided by 19?
16
Suppose 0 = -3*x + 6 + 9. Suppose 0*j + x = 5*j. What is the remainder when (-7)/j*(-12)/3 is divided by 10?
8
Let v be 3/12 + (-249)/4. Calculate the remainder when v/(0 + -2) + 0 is divided by 0 + (0 - 0) + 16.
15
Suppose 2*u = -u + 99. Let r = u + -16. Calculate the remainder when ((-60)/(-16))/(2*(-18)/(-480)) is divided by r.
16
Suppose 2*o + 272 = 2*i, -5*i + 3*o - 7*o = -689. Let k = i + -81. What is the remainder when k is divided by 19?
18
Let d = 14 + -11. Suppose -z + d = -11. Calculate the remainder when 54 is divided by z.
12
Let n(o) = -o**3 - 5*o**2 + 3*o + 2. Let b be n(-5). What is the remainder when 61 is divided by 2/b + (-420)/(-26)?
13
Let z = -42 - -68. Calculate the remainder when 102 is divided by z.
24
Suppose -5*u + 0 = -50. Suppose -3*g + 0 = 6. Calculate the remainder when u is divided by 3*g*3/(-3).
4
Suppose -2*h + 189 = 7*h. Calculate the remainder when 81 is divided by h.
18
Suppose f = -4*p - 2*f + 513, 3*p = 2*f + 372. Calculate the remainder when p is divided by 26.
22
Suppose -5*c + 496 = -234. Let h = c - 77. What is the remainder when h/2 + 3/6 is divided by 12?
11
Suppose 6*y - 657 = -81. Calculate the remainder when y is divided by 49.
47
Suppose -21 = 3*w + 6. What is the remainder when -18*w/(-12)*-2 is divided by 7?
6
Suppose -r + 30 = a + 9, -5*r = -4*a + 102. Calculate the remainder when a is divided by 4.
3
Let z(i) = 7*i + 4. Calculate the remainder when 32 is divided by z(1).
10
Suppose -34 - 6 = 4*d. Let x = d + 20. Calculate the remainder when 29 is divided by x.
9
Let n = -6 - -15. What is the remainder when 26 is divided by n?
8
Suppose 4*x + 0*x = -5*v - 12, -x + 5*v + 22 = 0. Let q = 44 - x. Calculate the remainder when q is divided by 22.
20
Suppose -2*r + 25 = -0*r - 3*x, 5*r + 3*x - 94 = 0. Calculate the remainder when r is divided by 5/((-50)/(-12))*5.
5
Let d(i) = 10*i - 5. What is the remainder when d(7) is divided by -11*16/(-10) - (-27)/(-45)?
14
Suppose 0*u + 3*u = -177. Let t = -36 - u. What is the remainder when t is divided by 6?
5
Let j = -45 + 78. What is the remainder when j is divided by 5?
3
Let y = -1 - -10. What is the remainder when 76/5 - (-9)/(-45) is divided by y?
6
Suppose -5*n + 25 = 5*g, -3*g - 13 = -5*g - 5*n. Let p = g + -4. Let z = 8 - p. Calculate the remainder when z is divided by 3.
2
Let z(x) = x**2 + 10*x + 15. Let y = 7 + -17. What is the remainder when z(y) is divided by 8?
7
Suppose -3*h = 2*h - 100. Suppose -2*q + h + 8 = 0. Calculate the remainder when 55 is divided by q.
13
Let m be 0/(-4) + 14/2. Suppose -3*d + 87 = 4*x - m, 4*x + d - 90 = 0. What is the remainder when x is divided by 8?
6
Let q = 7 - 4. Let y(n) = n**2 - 3*n + 3. Let w be y(q). Calculate the remainder when 25 + w/(9/3) is divided by 14.
12
Let s be ((-9)/(-2))/((-27)/(-72)). Suppose d - 2*c + 5*c - 3 = 0, 4*d - 2*c - s = 0. Calculate the remainder when d is divided by 2.
1
Let f be 3/((-9)/6) - -2. Suppose -x = -4*x + 48. Calculate the remainder when (-27 + -4)*(f + -1) is divided by x.
15
Suppose -7 = -5*v - 37. Let a(x) = x**3 + 6*x**2 + 6. Let d be a(v). What is the remainder when ((-129)/d)/(2/(-4)) is divided by 22?
21
Suppose -11*z = -12*z + 62. What is the remainder when z is divided by 13?
10
Let y(i) = -13*i + 1. Let w(f) = 10*f. Let v be w(-2). Let t = v - -46. What is the remainder when t is divided by y(-1)?
12
Suppose 5*q + 0*q = 200. Suppose -3*a - 5*c + 38 = 0, 4*a + 4*c - 50 = 14. What is the remainder when q is divided by a?
19
Let c = -19 + 45. Calculate the remainder when 76 is divided by c.
24
Suppose -4*x + 70 = x. Let n = -7 + x. Suppose 0 = -0*l - 3*l + 57. What is the remainder when l is divided by n?
5
Suppose 4*o + 33 + 23 = 0. Let f = -6 - o. What is the remainder when 23 is divided by f?
7
Let s = -3 - -15. Suppose 0 = z + 2*a - 11, -a - 2 - s = -z. What is the remainder when 23 is divided by z?
10
Let f be (4/6)/(10/15). What is the remainder when (-2)/3*(-41 - f) is divided by 10?
8
Let v be -16*(-1 + -3*2/8). Let k(h) = -h + 8. Let b be k(6). Suppose b*m - v = -2. Calculate the remainder when m is divided by 4.
1
Suppose 16 = 2*w - 134. Calculate the remainder when w is divided by 19.
18
Suppose -336 = 10*q - 13*q. Calculate the remainder when q is divided by 24.
16
Suppose 2*v - 24 = -3*l + 24, 5*l - 80 = 2*v. Suppose -8 = -d + l. Calculate the remainder when d is divided by 9.
6
Calculate the remainder when (-8)/6 + 268/3 is divided by 18.
16
Let d(f) = -3*f - 4. Let r be d(-3). Calculate the remainder when 15 is divided by (-4)/(-2) - (r - 7).
3
Suppose 3*p - c - 159 = -p, 3*p + 3*c = 108. Calculate the remainder when p is divided by 10.
9
Suppose 9*l - 5*i + 7 = 5*l, -5*l = -5*i + 5. Calculate the remainder when l is divided by 2.
0
Let f = 13 - 4. Suppose -38 = -x - 2*v, -5*v + 44 = x - 0*v. What is the remainder when x is divided by f?
7
Let b(h) = -h**2 - 21*h - 41. What is the remainder when b(-17) is divided by 11?
5
Suppose 1 = 2*i - 7. Suppose 20 = -5*m, -k + 0 = i*m + 1. Calculate the remainder when k is divided by 6.
3
Let q(j) be the first derivative of j**2/2 + 12*j + 1. Let o(d) = d + 2. Calculate the remainder when o(5) is 